hen 4596 is divided by 765?
6
What is the remainder when 128517 is divided by 408?
405
What is the remainder when 4338 is divided by 310?
308
What is the remainder when 4547 is divided by 1532?
1483
What is the remainder when 2135 is divided by 2129?
6
Calculate the remainder when 16012 is divided by 204.
100
What is the remainder when 4329 is divided by 502?
313
What is the remainder when 134 is divided by 128?
6
What is the remainder when 22454 is divided by 1495?
29
Calculate the remainder when 97796 is divided by 326.
322
What is the remainder when 12045 is divided by 4015?
0
What is the remainder when 9375 is divided by 3117?
24
Calculate the remainder when 712 is divided by 76.
28
Calculate the remainder when 1269 is divided by 1249.
20
Calculate the remainder when 1932 is divided by 386.
2
Calculate the remainder when 22246 is divided by 1.
0
What is the remainder when 10573 is divided by 826?
661
Calculate the remainder when 12757 is divided by 397.
53
Calculate the remainder when 1633 is divided by 720.
193
Calculate the remainder when 161596 is divided by 97.
91
What is the remainder when 501 is divided by 298?
203
Calculate the remainder when 11379 is divided by 7.
4
What is the remainder when 3064 is divided by 170?
4
Calculate the remainder when 3906 is divided by 523.
245
What is the remainder when 9092 is divided by 84?
20
Calculate the remainder when 1698 is divided by 56.
18
What is the remainder when 75860 is divided by 18956?
36
Calculate the remainder when 687746 is divided by 155.
11
What is the remainder when 75356 is divided by 12?
8
What is the remainder when 5016 is divided by 186?
180
What is the remainder when 26399 is divided by 43?
40
What is the remainder when 13706 is divided by 183?
164
What is the remainder when 114 is divided by 57?
0
Calculate the remainder when 153 is divided by 119.
34
What is the remainder when 42032 is divided by 2498?
2064
Calculate the remainder when 9834 is divided by 120.
114
Calculate the remainder when 7934 is divided by 1584.
14
What is the remainder when 6640 is divided by 356?
232
Calculate the remainder when 30407 is divided by 34.
11
What is the remainder when 1527807 is divided by 254?
251
Calculate the remainder when 4468 is divided by 124.
4
Calculate the remainder when 1448 is divided by 53.
17
What is the remainder when 42662 is divided by 9?
2
What is the remainder when 10652 is divided by 58?
38
What is the remainder when 1309 is divided by 26?
9
What is the remainder when 96553 is divided by 205?
203
What is the remainder when 843 is divided by 641?
202
Calculate the remainder when 41074 is divided by 1415.
39
What is the remainder when 1621754 is divided by 1267?
1261
What is the remainder when 56614 is divided by 169?
168
Calculate the remainder when 881 is divided by 670.
211
What is the remainder when 549573 is divided by 449?
446
Calculate the remainder when 4911 is divided by 11.
5
What is the remainder when 748 is divided by 65?
33
What is the remainder when 80559 is divided by 19?
18
Calculate the remainder when 4833 is divided by 2232.
369
Calculate the remainder when 16804 is divided by 175.
4
Calculate the remainder when 359394 is divided by 43.
0
What is the remainder when 75514 is divided by 3425?
164
Calculate the remainder when 5386 is divided by 275.
161
Calculate the remainder when 3663 is divided by 308.
275
Calculate the remainder when 138797 is divided by 145.
32
What is the remainder when 712798 is divided by 11?
9
Calculate the remainder when 1681 is divided by 128.
17
What is the remainder when 1345 is divided by 6?
1
What is the remainder when 18129 is divided by 168?
153
What is the remainder when 10581 is divided by 3511?
48
What is the remainder when 305939 is divided by 3154?
1
Calculate the remainder when 510 is divided by 125.
10
Calculate the remainder when 58716 is divided by 49.
14
What is the remainder when 1278358 is divided by 67?
65
What is the remainder when 569953 is divided by 71?
36
What is the remainder when 6491 is divided by 1262?
181
Calculate the remainder when 47461 is divided by 2791.
14
Calculate the remainder when 5720846 is divided by 196.
194
Calculate the remainder when 1108 is divided by 189.
163
Calculate the remainder when 2904 is divided by 290.
4
What is the remainder when 208867 is divided by 13?
9
Calculate the remainder when 14342 is divided by 151.
148
Calculate the remainder when 6916 is divided by 88.
52
What is the remainder when 554787 is divided by 227?
226
What is the remainder when 86311 is divided by 62?
7
Calculate the remainder when 4969 is divided by 57.
10
What is the remainder when 57494 is divided by 24?
14
What is the remainder when 122165 is divided by 8?
5
What is the remainder when 1801 is divided by 129?
124
Calculate the remainder when 234787 is divided by 74.
59
What is the remainder when 74930 is divided by 1207?
96
Calculate the remainder when 11714 is divided by 17.
1
What is the remainder when 3849805 is divided by 116?
113
Calculate the remainder when 32718 is divided by 1306.
68
Calculate the remainder when 4515139 is divided by 70.
69
Calculate the remainder when 479920 is divided by 19.
18
What is the remainder when 6291 is divided by 473?
142
Calculate the remainder when 24857 is divided by 226.
223
What is the remainder when 61747 is divided by 934?
103
What is the remainder when 52936 is divided by 504?
16
Calculate the remainder when 791 is divided by 214.
149
Calculate the remainder when 3229 is divided by 637.
44
What is the remainder when 2189878 is divided by 105?
103
What is the remainder when 60987 is divided by 171?
111
Calculate the remainder when 126074 is divided by 133.
123
What is the remainder when 105855 is divided by 374?
13
Calculate the remainder when 397637 is divided by 20.
17
What is the remainder when 2794 is divided by 460?
34
Calculate the remainder when 53599 is divided by 80.
79
What is the remainder when 375140 is divided by 7?
3
Calculate the remainder when 8784 is divided by 450.
234
Calculate the remainder when 359 is divided by 15.
14
What is the remainder when 13896 is divided by 80?
56
What is the remainder when 11891 is divided by 424?
19
Calculate the remainder when 74642 is divided by 87.
83
What is the remainder when 248185 is divided by 82728?
1
What is the remainder when 14854 is divided by 2441?
208
Calculate the remainder when 5351 is divided by 519.
161
Calculate the remainder when 103210 is divided by 40.
10
What is the remainder when 1049556 is divided by 19?
15
Calculate the remainder when 65512 is divided by 20.
12
Calculate the remainder when 139779 is divided by 290.
289
Calculate the remainder when 6978 is divided by 64.
2
What is the remainder when 950 is divided by 544?
406
Calculate the remainder when 17317 is divided by 211.
15
Calculate the remainder when 3181 is divided by 64.
45
What is the remainder when 78167 is divided by 19516?
103
Calculate the remainder when 67141 is divided by 124.
57
Calculate the remainder when 10657 is divided by 124.
117
What is the remainder when 76049 is divided by 93?
68
What is the remainder when 18314 is divided by 969?
872
What is the remainder when 62121 is divided by 125?
121
What is the remainder when 5655 is divided by 33?
12
Calculate the remainder when 5831584 is divided by 1143.
1141
What is the remainder when 181159 is divided by 7876?
11
What is the remainder when 467141 is divided by 226?
225
Calculate the remainder when 42192 is divided by 20.
12
Calculate the remainder when 26107 is divided by 26097.
10
Calculate the remainder when 344169 is divided by 258.
255
Calculate the remainder when 21367 is divided by 669.
628
What is the remainder when 105316 is divided by 115?
91
Calculate the remainder when 9838 is divided by 542.
82
Calculate the remainder when 627452 is divided by 156861.
8
What is the remainder when 362772 is divided by 21?
18
What is the remainder when 16721 is divided by 98?
61
What is the remainder when 76702 is divided by 38351?
0
Calculate the remainder when 16229 is divided by 54.
29
Calculate the remainder when 8724 is divided by 1451.
18
Calculate the remainder when 1149 is divided by 76.
9
What is the remainder when 118405 is divided by 328?
325
What